{"id":344,"date":"2024-04-23T16:01:19","date_gmt":"2024-04-23T14:01:19","guid":{"rendered":"http:\/\/qpfmhmp.cluster024.hosting.ovh.net\/wp-aresa\/?page_id=344"},"modified":"2024-06-24T00:43:46","modified_gmt":"2024-06-23T22:43:46","slug":"scierie","status":"publish","type":"page","link":"https:\/\/aresa-solutions.fr\/index.php\/scierie\/","title":{"rendered":"Scieries et paletteries"},"content":{"rendered":"\t\t<div data-elementor-type=\"wp-post\" data-elementor-id=\"344\" class=\"elementor elementor-344\">\n\t\t\t\t<div class=\"elementor-element elementor-element-ba563d9 elementor-hidden-tablet elementor-hidden-mobile e-flex e-con-boxed e-con e-parent\" data-id=\"ba563d9\" data-element_type=\"container\" data-settings=\"{&quot;background_background&quot;:&quot;slideshow&quot;,&quot;background_slideshow_gallery&quot;:[{&quot;id&quot;:580,&quot;url&quot;:&quot;http:\\\/\\\/aresa-solutions.fr\\\/wp-content\\\/uploads\\\/2024\\\/05\\\/Scieries-1-min.png&quot;}],&quot;background_slideshow_loop&quot;:&quot;yes&quot;,&quot;background_slideshow_slide_duration&quot;:5000,&quot;background_slideshow_slide_transition&quot;:&quot;fade&quot;,&quot;background_slideshow_transition_duration&quot;:500}\" data-core-v316-plus=\"true\">\n\t\t\t\t\t<div class=\"e-con-inner\">\n\t\t\t\t<div class=\"elementor-element elementor-element-631cc26 elementor-widget-divider--view-line elementor-widget elementor-widget-divider\" data-id=\"631cc26\" data-element_type=\"widget\" data-widget_type=\"divider.default\">\n\t\t\t\t<div class=\"elementor-widget-container\">\n\t\t\t<style>\/*! elementor - v3.20.0 - 26-03-2024 *\/\n.elementor-widget-divider{--divider-border-style:none;--divider-border-width:1px;--divider-color:#0c0d0e;--divider-icon-size:20px;--divider-element-spacing:10px;--divider-pattern-height:24px;--divider-pattern-size:20px;--divider-pattern-url:none;--divider-pattern-repeat:repeat-x}.elementor-widget-divider .elementor-divider{display:flex}.elementor-widget-divider .elementor-divider__text{font-size:15px;line-height:1;max-width:95%}.elementor-widget-divider .elementor-divider__element{margin:0 var(--divider-element-spacing);flex-shrink:0}.elementor-widget-divider .elementor-icon{font-size:var(--divider-icon-size)}.elementor-widget-divider .elementor-divider-separator{display:flex;margin:0;direction:ltr}.elementor-widget-divider--view-line_icon .elementor-divider-separator,.elementor-widget-divider--view-line_text .elementor-divider-separator{align-items:center}.elementor-widget-divider--view-line_icon .elementor-divider-separator:after,.elementor-widget-divider--view-line_icon .elementor-divider-separator:before,.elementor-widget-divider--view-line_text .elementor-divider-separator:after,.elementor-widget-divider--view-line_text .elementor-divider-separator:before{display:block;content:\"\";border-block-end:0;flex-grow:1;border-block-start:var(--divider-border-width) var(--divider-border-style) var(--divider-color)}.elementor-widget-divider--element-align-left .elementor-divider .elementor-divider-separator>.elementor-divider__svg:first-of-type{flex-grow:0;flex-shrink:100}.elementor-widget-divider--element-align-left .elementor-divider-separator:before{content:none}.elementor-widget-divider--element-align-left .elementor-divider__element{margin-left:0}.elementor-widget-divider--element-align-right .elementor-divider .elementor-divider-separator>.elementor-divider__svg:last-of-type{flex-grow:0;flex-shrink:100}.elementor-widget-divider--element-align-right .elementor-divider-separator:after{content:none}.elementor-widget-divider--element-align-right .elementor-divider__element{margin-right:0}.elementor-widget-divider--element-align-start .elementor-divider .elementor-divider-separator>.elementor-divider__svg:first-of-type{flex-grow:0;flex-shrink:100}.elementor-widget-divider--element-align-start .elementor-divider-separator:before{content:none}.elementor-widget-divider--element-align-start .elementor-divider__element{margin-inline-start:0}.elementor-widget-divider--element-align-end .elementor-divider .elementor-divider-separator>.elementor-divider__svg:last-of-type{flex-grow:0;flex-shrink:100}.elementor-widget-divider--element-align-end .elementor-divider-separator:after{content:none}.elementor-widget-divider--element-align-end .elementor-divider__element{margin-inline-end:0}.elementor-widget-divider:not(.elementor-widget-divider--view-line_text):not(.elementor-widget-divider--view-line_icon) .elementor-divider-separator{border-block-start:var(--divider-border-width) var(--divider-border-style) var(--divider-color)}.elementor-widget-divider--separator-type-pattern{--divider-border-style:none}.elementor-widget-divider--separator-type-pattern.elementor-widget-divider--view-line .elementor-divider-separator,.elementor-widget-divider--separator-type-pattern:not(.elementor-widget-divider--view-line) .elementor-divider-separator:after,.elementor-widget-divider--separator-type-pattern:not(.elementor-widget-divider--view-line) .elementor-divider-separator:before,.elementor-widget-divider--separator-type-pattern:not([class*=elementor-widget-divider--view]) .elementor-divider-separator{width:100%;min-height:var(--divider-pattern-height);-webkit-mask-size:var(--divider-pattern-size) 100%;mask-size:var(--divider-pattern-size) 100%;-webkit-mask-repeat:var(--divider-pattern-repeat);mask-repeat:var(--divider-pattern-repeat);background-color:var(--divider-color);-webkit-mask-image:var(--divider-pattern-url);mask-image:var(--divider-pattern-url)}.elementor-widget-divider--no-spacing{--divider-pattern-size:auto}.elementor-widget-divider--bg-round{--divider-pattern-repeat:round}.rtl .elementor-widget-divider .elementor-divider__text{direction:rtl}.e-con-inner>.elementor-widget-divider,.e-con>.elementor-widget-divider{width:var(--container-widget-width,100%);--flex-grow:var(--container-widget-flex-grow)}<\/style>\t\t<div class=\"elementor-divider\">\n\t\t\t<span class=\"elementor-divider-separator\">\n\t\t\t\t\t\t<\/span>\n\t\t<\/div>\n\t\t\t\t<\/div>\n\t\t\t\t<\/div>\n\t\t\t\t\t<\/div>\n\t\t\t\t<\/div>\n\t\t<div class=\"elementor-element elementor-element-55e7064 elementor-hidden-desktop e-flex e-con-boxed e-con e-parent\" data-id=\"55e7064\" data-element_type=\"container\" data-settings=\"{&quot;background_background&quot;:&quot;slideshow&quot;,&quot;background_slideshow_gallery&quot;:[{&quot;id&quot;:811,&quot;url&quot;:&quot;http:\\\/\\\/aresa-solutions.fr\\\/wp-content\\\/uploads\\\/2024\\\/06\\\/Scieries.png&quot;}],&quot;background_slideshow_loop&quot;:&quot;yes&quot;,&quot;background_slideshow_slide_duration&quot;:5000,&quot;background_slideshow_slide_transition&quot;:&quot;fade&quot;,&quot;background_slideshow_transition_duration&quot;:500}\" data-core-v316-plus=\"true\">\n\t\t\t\t\t<div class=\"e-con-inner\">\n\t\t\t\t<div class=\"elementor-element elementor-element-ed6335a elementor-widget-divider--view-line elementor-widget elementor-widget-divider\" data-id=\"ed6335a\" data-element_type=\"widget\" data-widget_type=\"divider.default\">\n\t\t\t\t<div class=\"elementor-widget-container\">\n\t\t\t\t\t<div class=\"elementor-divider\">\n\t\t\t<span class=\"elementor-divider-separator\">\n\t\t\t\t\t\t<\/span>\n\t\t<\/div>\n\t\t\t\t<\/div>\n\t\t\t\t<\/div>\n\t\t\t\t\t<\/div>\n\t\t\t\t<\/div>\n\t\t<div class=\"elementor-element elementor-element-beae229 e-flex e-con-boxed e-con e-parent\" data-id=\"beae229\" data-element_type=\"container\" data-core-v316-plus=\"true\">\n\t\t\t\t\t<div class=\"e-con-inner\">\n\t\t\t\t<div class=\"elementor-element elementor-element-f1cd9c3 elementor-widget elementor-widget-spacer\" data-id=\"f1cd9c3\" data-element_type=\"widget\" data-widget_type=\"spacer.default\">\n\t\t\t\t<div class=\"elementor-widget-container\">\n\t\t\t<style>\/*! elementor - v3.20.0 - 26-03-2024 *\/\n.elementor-column .elementor-spacer-inner{height:var(--spacer-size)}.e-con{--container-widget-width:100%}.e-con-inner>.elementor-widget-spacer,.e-con>.elementor-widget-spacer{width:var(--container-widget-width,var(--spacer-size));--align-self:var(--container-widget-align-self,initial);--flex-shrink:0}.e-con-inner>.elementor-widget-spacer>.elementor-widget-container,.e-con>.elementor-widget-spacer>.elementor-widget-container{height:100%;width:100%}.e-con-inner>.elementor-widget-spacer>.elementor-widget-container>.elementor-spacer,.e-con>.elementor-widget-spacer>.elementor-widget-container>.elementor-spacer{height:100%}.e-con-inner>.elementor-widget-spacer>.elementor-widget-container>.elementor-spacer>.elementor-spacer-inner,.e-con>.elementor-widget-spacer>.elementor-widget-container>.elementor-spacer>.elementor-spacer-inner{height:var(--container-widget-height,var(--spacer-size))}.e-con-inner>.elementor-widget-spacer.elementor-widget-empty,.e-con>.elementor-widget-spacer.elementor-widget-empty{position:relative;min-height:22px;min-width:22px}.e-con-inner>.elementor-widget-spacer.elementor-widget-empty .elementor-widget-empty-icon,.e-con>.elementor-widget-spacer.elementor-widget-empty .elementor-widget-empty-icon{position:absolute;top:0;bottom:0;left:0;right:0;margin:auto;padding:0;width:22px;height:22px}<\/style>\t\t<div class=\"elementor-spacer\">\n\t\t\t<div class=\"elementor-spacer-inner\"><\/div>\n\t\t<\/div>\n\t\t\t\t<\/div>\n\t\t\t\t<\/div>\n\t\t\t\t\t<\/div>\n\t\t\t\t<\/div>\n\t\t<div class=\"elementor-element elementor-element-c9058db e-flex e-con-boxed e-con e-parent\" data-id=\"c9058db\" data-element_type=\"container\" data-core-v316-plus=\"true\">\n\t\t\t\t\t<div class=\"e-con-inner\">\n\t\t<div class=\"elementor-element elementor-element-d7c07c5 e-con-full e-flex e-con e-child\" data-id=\"d7c07c5\" data-element_type=\"container\">\n\t\t\t\t<div class=\"elementor-element elementor-element-3e3ea23 elementor-widget elementor-widget-heading\" data-id=\"3e3ea23\" data-element_type=\"widget\" data-widget_type=\"heading.default\">\n\t\t\t\t<div class=\"elementor-widget-container\">\n\t\t\t<style>\/*! elementor - v3.20.0 - 26-03-2024 *\/\n.elementor-heading-title{padding:0;margin:0;line-height:1}.elementor-widget-heading .elementor-heading-title[class*=elementor-size-]>a{color:inherit;font-size:inherit;line-height:inherit}.elementor-widget-heading .elementor-heading-title.elementor-size-small{font-size:15px}.elementor-widget-heading .elementor-heading-title.elementor-size-medium{font-size:19px}.elementor-widget-heading .elementor-heading-title.elementor-size-large{font-size:29px}.elementor-widget-heading .elementor-heading-title.elementor-size-xl{font-size:39px}.elementor-widget-heading .elementor-heading-title.elementor-size-xxl{font-size:59px}<\/style><h2 class=\"elementor-heading-title elementor-size-default\">Pour qui ?<\/h2>\t\t<\/div>\n\t\t\t\t<\/div>\n\t\t\t\t<div class=\"elementor-element elementor-element-1c84a4a elementor-widget elementor-widget-text-editor\" data-id=\"1c84a4a\" data-element_type=\"widget\" data-widget_type=\"text-editor.default\">\n\t\t\t\t<div class=\"elementor-widget-container\">\n\t\t\t<style>\/*! elementor - v3.20.0 - 26-03-2024 *\/\n.elementor-widget-text-editor.elementor-drop-cap-view-stacked .elementor-drop-cap{background-color:#69727d;color:#fff}.elementor-widget-text-editor.elementor-drop-cap-view-framed .elementor-drop-cap{color:#69727d;border:3px solid;background-color:transparent}.elementor-widget-text-editor:not(.elementor-drop-cap-view-default) .elementor-drop-cap{margin-top:8px}.elementor-widget-text-editor:not(.elementor-drop-cap-view-default) .elementor-drop-cap-letter{width:1em;height:1em}.elementor-widget-text-editor .elementor-drop-cap{float:left;text-align:center;line-height:1;font-size:50px}.elementor-widget-text-editor .elementor-drop-cap-letter{display:inline-block}<\/style>\t\t\t\t<p>Les scieries et paletteries<\/p><ul><li>avec un CA allant de 2 \u00e0 15 M\u20ac<\/li><li>travaillant les feuillus et\/ou r\u00e9sineux<\/li><li>ayant la volont\u00e9 d\u2019optimiser leur pr\u00e9vention<\/li><\/ul><p>\u00a0<\/p>\t\t\t\t\t\t<\/div>\n\t\t\t\t<\/div>\n\t\t\t\t<\/div>\n\t\t<div class=\"elementor-element elementor-element-173e941 e-con-full e-flex e-con e-child\" data-id=\"173e941\" data-element_type=\"container\">\n\t\t\t\t<div class=\"elementor-element elementor-element-2fce497 elementor-widget elementor-widget-heading\" data-id=\"2fce497\" data-element_type=\"widget\" data-widget_type=\"heading.default\">\n\t\t\t\t<div class=\"elementor-widget-container\">\n\t\t\t<h2 class=\"elementor-heading-title elementor-size-default\">Pour quoi ?<\/h2>\t\t<\/div>\n\t\t\t\t<\/div>\n\t\t\t\t<div class=\"elementor-element elementor-element-b82c3f1 elementor-widget elementor-widget-text-editor\" data-id=\"b82c3f1\" data-element_type=\"widget\" data-widget_type=\"text-editor.default\">\n\t\t\t\t<div class=\"elementor-widget-container\">\n\t\t\t\t\t\t\t<p>Du sur-mesure pour<\/p>\n<ul>\n<li>garantir vos b\u00e2timents et machines<\/li>\n<li>garantir vos stocks y compris le long de vos b\u00e2timents<\/li>\n<li>une pr\u00e9vention adapt\u00e9e \u00e0 l\u2019organisation de votre site et \u00e0 votre fonctionnement<\/li>\n<li>un retour sur investissements pr\u00e9vention \/ primes d\u2019assurances<\/li>\n<\/ul>\t\t\t\t\t\t<\/div>\n\t\t\t\t<\/div>\n\t\t\t\t<\/div>\n\t\t\t\t\t<\/div>\n\t\t\t\t<\/div>\n\t\t<div class=\"elementor-element elementor-element-d810588 e-flex e-con-boxed e-con e-parent\" data-id=\"d810588\" data-element_type=\"container\" data-core-v316-plus=\"true\">\n\t\t\t\t\t<div class=\"e-con-inner\">\n\t\t\t\t<div class=\"elementor-element elementor-element-5c9f193 elementor-widget elementor-widget-spacer\" data-id=\"5c9f193\" data-element_type=\"widget\" data-widget_type=\"spacer.default\">\n\t\t\t\t<div class=\"elementor-widget-container\">\n\t\t\t\t\t<div class=\"elementor-spacer\">\n\t\t\t<div class=\"elementor-spacer-inner\"><\/div>\n\t\t<\/div>\n\t\t\t\t<\/div>\n\t\t\t\t<\/div>\n\t\t\t\t<div class=\"elementor-element elementor-element-a34cbe5 elementor-align-center elementor-widget elementor-widget-button\" data-id=\"a34cbe5\" data-element_type=\"widget\" data-widget_type=\"button.default\">\n\t\t\t\t<div class=\"elementor-widget-container\">\n\t\t\t\t\t<div class=\"elementor-button-wrapper\">\n\t\t\t<a class=\"elementor-button elementor-button-link elementor-size-sm\" href=\"https:\/\/aresa-solutions.fr\/index.php\/contacts\/\">\n\t\t\t\t\t\t<span class=\"elementor-button-content-wrapper\">\n\t\t\t\t\t\t<span class=\"elementor-button-text\">Nous contacter<\/span>\n\t\t<\/span>\n\t\t\t\t\t<\/a>\n\t\t<\/div>\n\t\t\t\t<\/div>\n\t\t\t\t<\/div>\n\t\t\t\t\t<\/div>\n\t\t\t\t<\/div>\n\t\t\t\t<\/div>\n\t\t","protected":false},"excerpt":{"rendered":"<p>Pour qui ? Les scieries et paletteries avec un CA allant de 2 \u00e0 15 M\u20ac travaillant les feuillus et\/ou r\u00e9sineux ayant la volont\u00e9 d\u2019optimiser leur pr\u00e9vention \u00a0 Pour quoi ? Du sur-mesure pour garantir vos b\u00e2timents et machines garantir vos stocks y compris le long de vos b\u00e2timents une pr\u00e9vention adapt\u00e9e \u00e0 l\u2019organisation de [&hellip;]<\/p>\n","protected":false},"author":2,"featured_media":0,"parent":0,"menu_order":0,"comment_status":"closed","ping_status":"closed","template":"","meta":{"inline_featured_image":false,"footnotes":""},"class_list":["post-344","page","type-page","status-publish","hentry"],"blocksy_meta":[],"yoast_head":"<!-- This site is optimized with the Yoast SEO plugin v22.4 - https:\/\/yoast.com\/wordpress\/plugins\/seo\/ -->\n<title>Scieries et paletteries - Aresa-solutions<\/title>\n<meta name=\"robots\" content=\"index, follow, max-snippet:-1, max-image-preview:large, max-video-preview:-1\" \/>\n<link rel=\"canonical\" href=\"https:\/\/aresa-solutions.fr\/index.php\/scierie\/\" \/>\n<meta property=\"og:locale\" content=\"fr_FR\" \/>\n<meta property=\"og:type\" content=\"article\" \/>\n<meta property=\"og:title\" content=\"Scieries et paletteries - Aresa-solutions\" \/>\n<meta property=\"og:description\" content=\"Pour qui ? Les scieries et paletteries avec un CA allant de 2 \u00e0 15 M\u20ac travaillant les feuillus et\/ou r\u00e9sineux ayant la volont\u00e9 d\u2019optimiser leur pr\u00e9vention \u00a0 Pour quoi ? Du sur-mesure pour garantir vos b\u00e2timents et machines garantir vos stocks y compris le long de vos b\u00e2timents une pr\u00e9vention adapt\u00e9e \u00e0 l\u2019organisation de [&hellip;]\" \/>\n<meta property=\"og:url\" content=\"https:\/\/aresa-solutions.fr\/index.php\/scierie\/\" \/>\n<meta property=\"og:site_name\" content=\"Aresa-solutions\" \/>\n<meta property=\"article:modified_time\" content=\"2024-06-23T22:43:46+00:00\" \/>\n<meta name=\"twitter:card\" content=\"summary_large_image\" \/>\n<meta name=\"twitter:label1\" content=\"Dur\u00e9e de lecture estim\u00e9e\" \/>\n\t<meta name=\"twitter:data1\" content=\"1 minute\" \/>\n<script type=\"application\/ld+json\" class=\"yoast-schema-graph\">{\"@context\":\"https:\/\/schema.org\",\"@graph\":[{\"@type\":\"WebPage\",\"@id\":\"https:\/\/aresa-solutions.fr\/index.php\/scierie\/\",\"url\":\"https:\/\/aresa-solutions.fr\/index.php\/scierie\/\",\"name\":\"Scieries et paletteries - Aresa-solutions\",\"isPartOf\":{\"@id\":\"http:\/\/aresa-solutions.fr\/#website\"},\"datePublished\":\"2024-04-23T14:01:19+00:00\",\"dateModified\":\"2024-06-23T22:43:46+00:00\",\"breadcrumb\":{\"@id\":\"https:\/\/aresa-solutions.fr\/index.php\/scierie\/#breadcrumb\"},\"inLanguage\":\"fr-FR\",\"potentialAction\":[{\"@type\":\"ReadAction\",\"target\":[\"https:\/\/aresa-solutions.fr\/index.php\/scierie\/\"]}]},{\"@type\":\"BreadcrumbList\",\"@id\":\"https:\/\/aresa-solutions.fr\/index.php\/scierie\/#breadcrumb\",\"itemListElement\":[{\"@type\":\"ListItem\",\"position\":1,\"name\":\"Accueil\",\"item\":\"http:\/\/aresa-solutions.fr\/\"},{\"@type\":\"ListItem\",\"position\":2,\"name\":\"Scieries et paletteries\"}]},{\"@type\":\"WebSite\",\"@id\":\"http:\/\/aresa-solutions.fr\/#website\",\"url\":\"http:\/\/aresa-solutions.fr\/\",\"name\":\"Aresa-solutions\",\"description\":\"\",\"publisher\":{\"@id\":\"http:\/\/aresa-solutions.fr\/#organization\"},\"potentialAction\":[{\"@type\":\"SearchAction\",\"target\":{\"@type\":\"EntryPoint\",\"urlTemplate\":\"http:\/\/aresa-solutions.fr\/?s={search_term_string}\"},\"query-input\":\"required name=search_term_string\"}],\"inLanguage\":\"fr-FR\"},{\"@type\":\"Organization\",\"@id\":\"http:\/\/aresa-solutions.fr\/#organization\",\"name\":\"Aresa-solutions\",\"url\":\"http:\/\/aresa-solutions.fr\/\",\"logo\":{\"@type\":\"ImageObject\",\"inLanguage\":\"fr-FR\",\"@id\":\"http:\/\/aresa-solutions.fr\/#\/schema\/logo\/image\/\",\"url\":\"https:\/\/aresa-solutions.fr\/wp-content\/uploads\/2024\/02\/logo.png\",\"contentUrl\":\"https:\/\/aresa-solutions.fr\/wp-content\/uploads\/2024\/02\/logo.png\",\"width\":490,\"height\":206,\"caption\":\"Aresa-solutions\"},\"image\":{\"@id\":\"http:\/\/aresa-solutions.fr\/#\/schema\/logo\/image\/\"}}]}<\/script>\n<!-- \/ Yoast SEO plugin. -->","yoast_head_json":{"title":"Scieries et paletteries - Aresa-solutions","robots":{"index":"index","follow":"follow","max-snippet":"max-snippet:-1","max-image-preview":"max-image-preview:large","max-video-preview":"max-video-preview:-1"},"canonical":"https:\/\/aresa-solutions.fr\/index.php\/scierie\/","og_locale":"fr_FR","og_type":"article","og_title":"Scieries et paletteries - Aresa-solutions","og_description":"Pour qui ? Les scieries et paletteries avec un CA allant de 2 \u00e0 15 M\u20ac travaillant les feuillus et\/ou r\u00e9sineux ayant la volont\u00e9 d\u2019optimiser leur pr\u00e9vention \u00a0 Pour quoi ? Du sur-mesure pour garantir vos b\u00e2timents et machines garantir vos stocks y compris le long de vos b\u00e2timents une pr\u00e9vention adapt\u00e9e \u00e0 l\u2019organisation de [&hellip;]","og_url":"https:\/\/aresa-solutions.fr\/index.php\/scierie\/","og_site_name":"Aresa-solutions","article_modified_time":"2024-06-23T22:43:46+00:00","twitter_card":"summary_large_image","twitter_misc":{"Dur\u00e9e de lecture estim\u00e9e":"1 minute"},"schema":{"@context":"https:\/\/schema.org","@graph":[{"@type":"WebPage","@id":"https:\/\/aresa-solutions.fr\/index.php\/scierie\/","url":"https:\/\/aresa-solutions.fr\/index.php\/scierie\/","name":"Scieries et paletteries - Aresa-solutions","isPartOf":{"@id":"http:\/\/aresa-solutions.fr\/#website"},"datePublished":"2024-04-23T14:01:19+00:00","dateModified":"2024-06-23T22:43:46+00:00","breadcrumb":{"@id":"https:\/\/aresa-solutions.fr\/index.php\/scierie\/#breadcrumb"},"inLanguage":"fr-FR","potentialAction":[{"@type":"ReadAction","target":["https:\/\/aresa-solutions.fr\/index.php\/scierie\/"]}]},{"@type":"BreadcrumbList","@id":"https:\/\/aresa-solutions.fr\/index.php\/scierie\/#breadcrumb","itemListElement":[{"@type":"ListItem","position":1,"name":"Accueil","item":"http:\/\/aresa-solutions.fr\/"},{"@type":"ListItem","position":2,"name":"Scieries et paletteries"}]},{"@type":"WebSite","@id":"http:\/\/aresa-solutions.fr\/#website","url":"http:\/\/aresa-solutions.fr\/","name":"Aresa-solutions","description":"","publisher":{"@id":"http:\/\/aresa-solutions.fr\/#organization"},"potentialAction":[{"@type":"SearchAction","target":{"@type":"EntryPoint","urlTemplate":"http:\/\/aresa-solutions.fr\/?s={search_term_string}"},"query-input":"required name=search_term_string"}],"inLanguage":"fr-FR"},{"@type":"Organization","@id":"http:\/\/aresa-solutions.fr\/#organization","name":"Aresa-solutions","url":"http:\/\/aresa-solutions.fr\/","logo":{"@type":"ImageObject","inLanguage":"fr-FR","@id":"http:\/\/aresa-solutions.fr\/#\/schema\/logo\/image\/","url":"https:\/\/aresa-solutions.fr\/wp-content\/uploads\/2024\/02\/logo.png","contentUrl":"https:\/\/aresa-solutions.fr\/wp-content\/uploads\/2024\/02\/logo.png","width":490,"height":206,"caption":"Aresa-solutions"},"image":{"@id":"http:\/\/aresa-solutions.fr\/#\/schema\/logo\/image\/"}}]}},"_links":{"self":[{"href":"https:\/\/aresa-solutions.fr\/index.php\/wp-json\/wp\/v2\/pages\/344","targetHints":{"allow":["GET"]}}],"collection":[{"href":"https:\/\/aresa-solutions.fr\/index.php\/wp-json\/wp\/v2\/pages"}],"about":[{"href":"https:\/\/aresa-solutions.fr\/index.php\/wp-json\/wp\/v2\/types\/page"}],"author":[{"embeddable":true,"href":"https:\/\/aresa-solutions.fr\/index.php\/wp-json\/wp\/v2\/users\/2"}],"replies":[{"embeddable":true,"href":"https:\/\/aresa-solutions.fr\/index.php\/wp-json\/wp\/v2\/comments?post=344"}],"version-history":[{"count":35,"href":"https:\/\/aresa-solutions.fr\/index.php\/wp-json\/wp\/v2\/pages\/344\/revisions"}],"predecessor-version":[{"id":872,"href":"https:\/\/aresa-solutions.fr\/index.php\/wp-json\/wp\/v2\/pages\/344\/revisions\/872"}],"wp:attachment":[{"href":"https:\/\/aresa-solutions.fr\/index.php\/wp-json\/wp\/v2\/media?parent=344"}],"curies":[{"name":"wp","href":"https:\/\/api.w.org\/{rel}","templated":true}]}}